e prime factors of r(-5)?
2, 3, 5
Let p(o) = -4*o - 4. Let s be p(-3). Let n be (-6)/((-22)/143 - 24/13). Suppose -n*b = -38 + s. List the prime factors of b.
2, 5
Let v = -28 + 20. Suppose -d - n = -10 - 18, -3*n - 31 = -2*d. Let w = d + v. List the prime factors of w.
3, 5
Let k(n) be the third derivative of n**5/60 - 7*n**4/24 - 8*n**3/3 - 18*n**2. List the prime factors of k(9).
2
Let o(q) = -q**3 - 4*q**2 - 7. Let k be (-10)/6*6/(-5). Suppose -11 - 1 = k*s. List the prime factors of o(s).
5, 13
Let k(y) = y**2 - y - 7. Let d be k(-3). What are the prime factors of 1 + (0 - d)*-7?
2, 3
Let g(w) = w**2 + w - 4. Suppose 3*v = -5*s + 18, s + 4*v - 8 + 1 = 0. List the prime factors of g(s).
2
Let q(u) = u**2 - u - 3. Suppose y - 5*y = -148. Suppose y = -5*k - 3*r, 3*k - 5*r = 3 + 2. What are the prime factors of q(k)?
3
Suppose i - a + 4 = 2*i, 4*i + 3*a - 15 = 0. Let w(k) = 8*k**2 - 3*k**3 - 6*k**3 + 4*k**i + 7 - 2*k + 6*k**3. What are the prime factors of w(-8)?
23
Let z(i) be the first derivative of 25*i**2 + i - 8. Let j be z(2). Let o = j - 45. List the prime factors of o.
2, 7
Let a(t) = -t**3 + 6*t**2. Let r be a(6). Suppose 6*i - 113 - 127 = r. What are the prime factors of i?
2, 5
Let a = 350 - -329. List the prime factors of a.
7, 97
Let k be (9/(-2))/(68/(-8) - -8). Suppose -1012 = -4*f - 4*o, 744 = -6*f + k*f - 2*o. What are the prime factors of f?
2, 5
Let z be (-3)/((-12)/368) + 4. Suppose z = 5*f - 4. List the prime factors of f.
2, 5
Suppose -1310 = -5*k - 2*g, -4*g - 1340 = -2*k - 3*k. List the prime factors of k.
2, 3, 11
Suppose -25 - 31 = -4*y. List the prime factors of (-63)/(-4) + 2 + y/(-8).
2
Suppose 4*r - 828 = -2*u, r - 197 = -2*u + 7. List the prime factors of r.
2, 13
Suppose 498 = 4*x + 30. Suppose q - x = -2*q. What are the prime factors of q?
3, 13
Let t(u) be the first derivative of -u**4/4 - 19*u**3/3 + u**2/2 + 21*u - 5. Let b be t(-19). What are the prime factors of 1*5 - 0/b?
5
Suppose -3*k - 5 = 2*k - 4*q, k + 25 = -4*q. Let b(f) = f**3 - 8*f**2 + 9*f + 8. Let j be b(7). Let p = j + k. What are the prime factors of p?
17
Suppose 0 = -z - 4*s + 105, 0 = 5*z + s - 0*s - 582. What are the prime factors of 2/13 - (-7002)/z?
2, 3, 5
Let v(b) = 0*b - 2 + 3 + 4*b. Suppose -10*z + 21 + 19 = 0. List the prime factors of v(z).
17
List the prime factors of (1/(-3) - 1)*13779/(-12).
1531
Let q(t) = 39 + 22*t + 26*t - t**2 - 51*t + 40. List the prime factors of q(0).
79
List the prime factors of 242 + -1*(2 - 5)*1.
5, 7
Let q be ((-5)/(-10) - 0/(-1))*-16. List the prime factors of (-2)/(-3)*141*(-4)/q.
47
Suppose 0 = 4*m - 211 - 269. Let o = m - 94. What are the prime factors of o?
2, 13
Suppose 12*m - 465 = 1287. List the prime factors of m.
2, 73
Suppose 0 = 2*d + 3*x - 53 + 12, 2*x - 6 = 0. Suppose g + 0*f - 19 = -3*f, 0 = -3*g - 2*f + 22. Let y = g + d. What are the prime factors of y?
2, 5
Suppose -16 = 4*k, 419 = 2*i - 4*k - 675. List the prime factors of i.
7, 11
Let n be 7*2/(-4)*-2. Suppose 0 = 3*s + 3*p + 2*p - 95, -3*p - 63 = -3*s. Let z = s + n. List the prime factors of z.
2
Suppose 2*w - 3527 = -8*r + 11*r, 4*w - 7043 = -5*r. List the prime factors of w.
2, 881
Let n(l) = 134*l + 16. List the prime factors of n(4).
2, 3, 23
Let u = -1 + 3. Suppose -12 = -5*a + u*a. Suppose -3*b = 2*l - 101, -197 = -a*l + 3*b + 50. What are the prime factors of l?
2, 29
Suppose 43*h + 44 = 47*h. Suppose h*a = -a + 1068. What are the prime factors of a?
89
Let f = 2 - -11. Let a = 68 - f. List the prime factors of a.
5, 11
Let f = 18 - 13. Suppose -3*p + 214 = -0*x + f*x, 296 = 4*p + 4*x. Suppose 4*q - q - p = 0. What are the prime factors of q?
2, 13
Let d = 1808 + -1206. List the prime factors of d.
2, 7, 43
Suppose 5*y - 4*y = 165. Suppose 704 = 7*p + y. List the prime factors of p.
7, 11
Suppose -4*i + 618 = -82. Let r = 302 - i. List the prime factors of r.
127
Let k(l) = -l**2 - 10*l + 25. Let p be k(-11). List the prime factors of (p/(-5) - -3) + 344/5.
3, 23
Let z = 0 - 5. Let s be 15/(-6)*(z + 3). Suppose -i = -s*i + 28. What are the prime factors of i?
7
Suppose 3*c - 8*i - 1186 = -3*i, -1988 = -5*c - 3*i. What are the prime factors of c?
397
Let k be 12/(-24)*8*2. Let g = k + 65. What are the prime factors of g?
3, 19
Let x(y) = 5*y**3 - y**2 + 3*y + 12. Let q be x(6). Suppose -5*k + q = -t, 2*k = 6*k + 3*t - 844. What are the prime factors of k?
2, 107
Let y(a) = 10*a - 8. Let z be y(1). Suppose z*u = 2, -b + 181 = -4*u + 37. What are the prime factors of b?
2, 37
Let b = -126 + 123. Let p(u) = -u. Let q(z) = 14*z + 2. Let s(i) = -22*p(i) - 2*q(i). List the prime factors of s(b).
2, 7
Suppose 2*p = 4*p + 40. Let c(q) = -q**3 + 4*q**2 + 7*q - 1. Let v be c(5). What are the prime factors of (-6)/v*(p - -2)?
2, 3
Let c = 3 + -16. Let p = c - -20. Suppose 1 = -3*l + p. List the prime factors of l.
2
Let q(i) = i**3 + 3*i**2 - i + 1. Let g be q(3). Suppose 2*k - o = -5*o + 90, -5*o - g = -k. List the prime factors of k.
47
Suppose -c + 3*j + 128 + 12 = 0, j = c - 144. Let g = -25 + c. List the prime factors of g.
11
Let u = 12 - 4. Let v(h) = -4 + 5*h + 5*h - u*h. What are the prime factors of v(5)?
2, 3
Let v = 2778 - 1284. Suppose -16 = 2*p - 2*b - 94, -3*b = 4*p - 177. What are the prime factors of v/p + 9/21?
2, 3
Let v(w) = -w**3 + 9*w**2 + 20*w + 26. Let i be v(11). Suppose 426 = 7*a - i*a. List the prime factors of a.
2, 71
Suppose -2*t + 79765 = 41*t. List the prime factors of t.
5, 7, 53
Let n = -32 - -30. Let o = 18 + 30. Let q = o + n. What are the prime factors of q?
2, 23
Let m(v) = v - 1. Let z be 3 + -4 + -8 + 0. Let k = 8 - z. What are the prime factors of m(k)?
2
Suppose 12 = 3*r, r = 21*h - 26*h + 934. List the prime factors of h.
2, 3, 31
Let i(w) be the first derivative of 3*w**2/2 + 5*w + 4. Let z be i(-6). Let a = z - -26. List the prime factors of a.
13
Let k(q) = 7*q**2 - 11*q + 7. List the prime factors of k(-8).
3, 181
Suppose -127*s + 52781 = -80*s. What are the prime factors of s?
1123
Let q(l) = -l**2 + l - 6. Let o(m) = -m**2 + 1. Let j(p) = -5*o(p) - q(p). What are the prime factors of j(2)?
23
Suppose 16*q = 14*q + 4. Let a(p) = 7*p - 2. Let r be a(q). Let n = r + 14. List the prime factors of n.
2, 13
Suppose 9*t = 11*t + s - 1, -2*s = 3*t - 4. Let n = t - -72. What are the prime factors of n?
2, 5, 7
Let j(a) = -a**2 - 2*a + 11. Let r be j(-5). List the prime factors of (56 - 0/r)/((-2)/(-2)).
2, 7
Suppose -12 = 60*n - 63*n. What are the prime factors of n/8*(-612)/(-2)?
3, 17
What are the prime factors of (-48)/10*6*8325/(-90)?
2, 3, 37
Let i = 41 - 24. Let n be 3*i + 1/(-1). Suppose 2*a + 58 = 4*z + 3*a, 0 = 4*z + 5*a - n. List the prime factors of z.
3, 5
Suppose 757 = 3*u + 4*x - 2043, -3*x = -4*u + 3700. What are the prime factors of u?
2, 29
Suppose 0 = 2*r - 3*b - 502, -r + 2*b = 2*r - 743. What are the prime factors of r?
5, 7
Suppose v - 18 = 27. Suppose -5*i - 15 - v = 0. What are the prime factors of (11 + i)/(2/(-8))?
2
Let s = 608 - 325. List the prime factors of s.
283
Suppose -45*t - 5642 = -58*t. List the prime factors of t.
2, 7, 31
Suppose -7 = 4*x - 3. Let s be x - -29 - (4 + -4). Let a = -4 + s. What are the prime factors of a?
2, 3
Let k = 3762 - 2425. List the prime factors of k.
7, 191
Suppose 4*o = -r + 9521, -5*r - 8287 + 1152 = -3*o. List the prime factors of o.
2, 5, 7, 17
Let o(x) = -x**3 - 6*x**2 - 30*x - 34. What are the prime factors of o(-9)?
479
Suppose 5*x - 3 = -3*n, 0 = 4*x + 4*n - 0 - 4. Suppose x = -u + 145 + 8. List the prime factors of u.
3, 17
Suppose 3*m - 826 - 110 = 0. What are the prime factors of m?
2, 3, 13
Suppose 3*u + 10 = 2*u + 2*o, -5*u = -2*o + 10. Suppose a = -0*w + 2*w - 299, 2*a - 2 = u. List the prime factors of w.
2, 3, 5
Suppose -m - 6 = -5*n - 0*m, 2*m + 1 = -n. Let s be (n + 0)/(1/31). Let c = s - 11. What are the prime factors of c?
2, 5
Let s = 3 + -17. Let f = 14 + s. List the prime factors of (-3)/(-3) - (f - 37).
2, 19
Let o(y) be the third derivative of y**4/24 + 11*y**3/6 + 5*y**2. Let s be o(-7). Suppose 2*q - s*q + 40 = 0. List the prime factors of q.
2, 5
Let b(y) = -2 - 2 - y**3 - 5*y - 6*y**2 - 4. Let f be (20/8 + -3)*12. What are the prime factors of b(f)?
2, 11
Let f(w) be the third derivative of -w**6/120